ert -447 (base 9) to base 7.
-1033
-150 (base 10) to base 8
-226
Convert 11 (base 3) to base 8.
4
Convert -102 (base 9) to base 8.
-123
What is 65 (base 10) in base 12?
55
Convert -112 (base 4) to base 14.
-18
What is -1 (base 4) in base 6?
-1
-19 (base 13) to base 8
-26
Convert 1101011 (base 2) to base 4.
1223
Convert 6 (base 7) to base 11.
6
Convert -16 (base 15) to base 7.
-30
-7 (base 9) to base 3
-21
Convert -111 (base 4) to base 7.
-30
Convert 160 (base 8) to base 4.
1300
What is -1 (base 7) in base 14?
-1
What is -100 (base 2) in base 11?
-4
What is -3 (base 6) in base 4?
-3
Convert -15 (base 15) to base 10.
-20
Convert 2 (base 9) to base 14.
2
Convert -a (base 16) to base 13.
-a
What is -26 (base 15) in base 6?
-100
-10010110 (base 2) to base 13
-b7
What is -1 (base 8) in base 3?
-1
What is -252 (base 8) in base 14?
-c2
What is -4 (base 5) in base 11?
-4
What is 331 (base 5) in base 8?
133
Convert -15 (base 7) to base 4.
-30
Convert 36 (base 8) to base 14.
22
What is b (base 14) in base 7?
14
-121 (base 7) to base 4
-1000
Convert -1001011 (base 2) to base 16.
-4b
12 (base 10) to base 4
30
-19 (base 13) to base 15
-17
Convert -2 (base 12) to base 10.
-2
Convert 1 (base 11) to base 9.
1
What is -17 (base 8) in base 16?
-f
12 (base 16) to base 6
30
What is 4a (base 12) in base 9?
64
Convert 2 (base 14) to base 7.
2
Convert -1 (base 13) to base 15.
-1
17 (base 16) to base 12
1b
26 (base 14) to base 6
54
Convert -a9 (base 12) to base 10.
-129
Convert -212 (base 5) to base 7.
-111
What is 1d (base 14) in base 12?
23
a (base 12) to base 2
1010
What is -13 (base 4) in base 14?
-7
What is -9 (base 12) in base 3?
-100
27 (base 14) to base 4
203
-55 (base 11) to base 16
-3c
73 (base 8) to base 7
113
Convert c (base 14) to base 6.
20
-3 (base 13) to base 9
-3
7 (base 14) to base 5
12
Convert 11 (base 2) to base 14.
3
-1d (base 14) to base 7
-36
What is -23 (base 8) in base 5?
-34
What is -b (base 12) in base 15?
-b
Convert 5 (base 16) to base 6.
5
0 (base 2) to base 8
0
What is -2 (base 4) in base 2?
-10
What is -5 (base 12) in base 2?
-101
14 (base 10) to base 13
11
What is 1 (base 10) in base 5?
1
What is 123 (base 8) in base 4?
1103
2c (base 16) to base 8
54
What is 9 (base 12) in base 7?
12
Convert 2 (base 14) to base 11.
2
110010 (base 2) to base 11
46
What is -4 (base 16) in base 6?
-4
Convert -115 (base 6) to base 16.
-2f
6 (base 10) to base 7
6
Convert 7 (base 9) to base 3.
21
What is 1 (base 2) in base 14?
1
What is 1 (base 3) in base 5?
1
6 (base 10) to base 2
110
What is 101111 (base 2) in base 7?
65
11 (base 2) to base 6
3
What is -42 (base 6) in base 14?
-1c
-1 (base 13) to base 10
-1
-2 (base 4) to base 9
-2
4a (base 13) to base 9
68
Convert 4 (base 15) to base 2.
100
Convert 3 (base 14) to base 11.
3
Convert 171 (base 11) to base 15.
d4
What is -9 (base 10) in base 14?
-9
2 (base 3) to base 2
10
What is 274 (base 9) in base 16?
e5
23 (base 8) to base 3
201
What is -23 (base 14) in base 2?
-11111
112011 (base 3) to base 12
27a
2 (base 15) to base 3
2
5 (base 14) to base 12
5
-2 (base 4) to base 7
-2
Convert 100 (base 2) to base 5.
4
What is -19 (base 11) in base 14?
-16
Convert -11 (base 8) to base 13.
-9
What is -147 (base 10) in base 14?
-a7
What is 3 (base 15) in base 5?
3
What is -3 (base 11) in base 5?
-3
What is -230 (base 4) in base 10?
-44
-134 (base 10) to base 7
-251
Convert 111011 (base 2) to base 15.
3e
16 (base 10) to base 15
11
What is -1000 (base 2) in base 9?
-8
What is -1 (base 6) in base 3?
-1
Convert -4 (base 11) to base 9.
-4
Convert -11022 (base 3) to base 14.
-84
What is -63 (base 7) in base 3?
-1200
What is -1 (base 7) in base 6?
-1
Convert -25 (base 13) to base 4.
-133
Convert -37 (base 12) to base 10.
-43
Convert -132 (base 6) to base 9.
-62
What is 10000 (base 2) in base 11?
15
Convert -1 (base 12) to base 5.
-1
What is -120 (base 3) in base 13?
-12
a1 (base 16) to base 10
161
3 (base 5) to base 3
10
What is -2 (base 4) in base 9?
-2
What is 1203 (base 4) in base 10?
99
Convert 1a5 (base 12) to base 6.
1125
210 (base 3) to base 14
17
Convert -4 (base 7) to base 10.
-4
What is 10 (base 6) in base 4?
12
7 (base 15) to base 8
7
What is -2 (base 5) in base 2?
-10
3 (base 16) to base 3
10
-1001 (base 2) to base 6
-13
58 (base 10) to base 13
46
What is 66 (base 13) in base 14?
60
Convert -37 (base 14) to base 5.
-144
Convert -2 (base 11) to base 6.
-2
What is -9 (base 12) in base 7?
-12
What is -57 (base 9) in base 13?
-40
a3 (base 13) to base 14
97
163 (base 10) to base 4
2203
Convert -5 (base 11) to base 6.
-5
1 (base 9) to base 13
1
-44 (base 5) to base 15
-19
What is 10 (base 6) in base 4?
12
What is 42 (base 5) in base 7?
31
-29 (base 11) to base 4
-133
What is 2 (base 11) in base 4?
2
Convert -24 (base 11) to base 4.
-122
-2101 (base 5) to base 14
-15a
-49 (base 14) to base 10
-65
What is 10 (base 7) in base 13?
7
What is -113 (base 4) in base 16?
-17
Convert 5 (base 12) to base 7.
5
Convert -8 (base 10) to base 11.
-8
-1 (base 2) to base 14
-1
-14 (base 9) to base 12
-11
Convert -202 (base 3) to base 7.
-26
What is 25 (base 11) in base 16?
1b
What is 2022 (base 4) in base 5?
1023
-6 (base 8) to base 14
-6
What is -1 (base 4) in base 2?
-1
What is 13 (base 5) in base 15?
8
What is 100 (base 2) in base 7?
4
What is 0 (base 3) in base 12?
0
What is 213 (base 5) in base 3?
2011
-63 (base 16) to base 6
-243
What is a4 (base 15) in base 4?
2122
Convert 35 (base 14) to base 3.
1202
Convert 0 (base 6) to base 9.
0
12 (base 6) to base 14
8
14 (base 11) to base 14
11
Convert 1 (base 11) to base 6.
1
Convert 4 (base 15) to base 3.
11
What is -10 (base 4) in base 11?
-4
Convert -7 (base 9) to base 10.
-7
What is 0 (base 7) in base 3?
0
-1331 (base 4) to base 10
-125
-4 (base 16) to base 4
-10
15 (base 6) to base 3
102
Convert 1430 (base 5) to base 2.
11110000
What is -22 (base 4) in base 9?
-11
What is 3 (base 10) in base 16?
3
-3 (base 11) to base 16
-3
Convert 4 (base 7) to base 9.
4
20 (base 6) to base 10
12
What is -4 (base 6) in base 8?
-4
0 (base 10) to base 4
0
-30 (base 12) to base 13
-2a
Convert 1 (base 10) to base 2.
1
What is -1001 (base 2) in base 14?
-9
What is 11 (base 2) in base 6?
3
0 (base 13) to base 7
0
Convert 1110 (base 2) to base 12.
12
What is 24 (base 7) in base 3?
200
What is 107 (base 14) in base 5?
1303
-2002 (base 3) to base 6
-132
Convert 3 (base 13) to base 5.
3
7 (base 8) to base 12
7
-234 (base 7) to base 15
-83
Convert 2 (base 6) to base 8.
2
Convert -62 (base 13) to base 9.
-88
-11 (base 9) to base 13
-a
What is 2311 (base 4) in base 5?
1211
-101110 (base 2) to base 12
-3a
Convert 6 (base 10) to base 2.
110
-2 (base 6) to base 2
-10
-217 (base 8) to base 2
-10001111
-40 (base 6) to base 3
-220
Convert -2 (base 11) to base 12.
-2
-1100010 (base 2) to base 5
-343
Convert -2 (base 12) to base 11.
-2
Convert -2b (base 14) to base 9.
-43
What is -22 (base 6) in base 13?
-11
Convert 1101 (base 2) to base 14.
d
Convert -2 (base 3) to base 11.
-2
What is -21 (base 6) in base 4?
-31
What is 56 (base 13) in base 14?
51
Convert 30 (base 4) to base 9.
13
Convert 3 (base 15) to base 10.
3
Convert -46 (base 11) to base 6.
-122
Convert -3 (base 4) to base 15.
-3
4 (base 5) to base 8
4
What is 2 (base 13) in base 15?
2
-2 (base 6) to base 2
-10
20 (base 4) to base 2
1000
What is -9 (base 13) in base 4?
-21
What is 1130 (base 5) in base 10?
165
Convert -104 (base 5) to base 13.
-23
100101100 (base 2) to base 4
10230
Convert -10 (base 16) to base 11.
-15
-1100 (base 4) to base 8
-120
What is -329 (base 10) in base 4?
-11021
0 (base 14) to base 15
0
44 (base 7) to base 2
100000
What is 5 (base 8) in base 4?
11
What is 1 (base 7) in base 14?
1
-7 (base 13) to base 2
-111
8 (base 12) to base 3
22
-120 (base 7) to base 14
-47
-23 (base 10) to base 13
-1a
2 (base 8) to base 4
2
2000 (base 3) to base 14
3c
37 (base 8) to base 6
51
Convert 30 (base 4) to base 8.
14
Convert -41 (base 10) to base 16.
-29
Convert 11 (base 2) to base 10.
3
What is -1 (base 6) in base 4?
-1
-15 (base 8) to base 6
-21
-2 (base 6) to base 4
-2
What is -2 (base 7) in base 13?
-2
Convert -112 (base 3) to base 6.
-22
64 (base 16) to base 13
79
Convert -4 (base 5) to base 13.
-4
What is 11001 (base 2) in base 13?
1c
Convert -4 (base